{"id":527,"date":"2020-07-17T00:36:54","date_gmt":"2020-07-16T22:36:54","guid":{"rendered":"https:\/\/rejsedagbog.jnaasnet.dk\/?page_id=527"},"modified":"2020-07-17T00:36:55","modified_gmt":"2020-07-16T22:36:55","slug":"dag-17-hamborg","status":"publish","type":"page","link":"https:\/\/rejsedagbog.jnaasnet.dk\/?page_id=527","title":{"rendered":"Dag #17: Hamborg"},"content":{"rendered":"\n<p>Hvis vi var sl\u00f8ve i g\u00e5r, var vi tr\u00e6tte i dag. Is\u00e6r Jonas\u2019 ene t\u00e5 var h\u00e5rdt plaget af vabler.<\/p>\n\n\n\n<p>Vi bev\u00e6gede os ud ved 12.30-tiden, hvor f\u00f8rste stop var at aflevere vinglasset tilbage.<\/p>\n\n\n\n<p>Vi fandt noget frokost(\/morgenmad) hos <a href=\"https:\/\/fraumoeller.com\/\">Frau M\u00f6ller<\/a> (stedet minder lidt om Bang og Jessen p\u00e5 Istedgade og er tilsyneladende meget velbes\u00f8gt) og s\u00e5 en andet og klart mere tiltalende del af St. Georg.<\/p>\n\n\n\n<figure class=\"wp-block-image size-large\"><img loading=\"lazy\" decoding=\"async\" width=\"768\" height=\"1024\" src=\"https:\/\/rejsedagbog.jnaasnet.dk\/wp-content\/uploads\/2020\/07\/image-223-768x1024.png\" alt=\"\" class=\"wp-image-528\" srcset=\"https:\/\/rejsedagbog.jnaasnet.dk\/wp-content\/uploads\/2020\/07\/image-223-768x1024.png 768w, https:\/\/rejsedagbog.jnaasnet.dk\/wp-content\/uploads\/2020\/07\/image-223-225x300.png 225w, https:\/\/rejsedagbog.jnaasnet.dk\/wp-content\/uploads\/2020\/07\/image-223-1152x1536.png 1152w, https:\/\/rejsedagbog.jnaasnet.dk\/wp-content\/uploads\/2020\/07\/image-223-1536x2048.png 1536w, https:\/\/rejsedagbog.jnaasnet.dk\/wp-content\/uploads\/2020\/07\/image-223-1600x2133.png 1600w\" sizes=\"auto, (max-width: 768px) 100vw, 768px\" \/><figcaption>Det var vist noget tid siden, at den b\u00f8f havde set en ko, men pomfritterne var gode<\/figcaption><\/figure>\n\n\n\n<p>Vi bev\u00e6gede os langsomt ned ad Lange Reihe, som er en af hovedgaderne i St. Georg (prim\u00e6rt med spisesteder), hvor vi kiggede p\u00e5 og i butikker.<\/p>\n\n\n\n<p>Vi endte ved s\u00f8en Alster og kiggede lidt p\u00e5 b\u00e5dene, der sejlede rundt.<\/p>\n\n\n\n<figure class=\"wp-block-image size-large\"><img loading=\"lazy\" decoding=\"async\" width=\"768\" height=\"1024\" src=\"https:\/\/rejsedagbog.jnaasnet.dk\/wp-content\/uploads\/2020\/07\/image-226-768x1024.png\" alt=\"\" class=\"wp-image-531\" srcset=\"https:\/\/rejsedagbog.jnaasnet.dk\/wp-content\/uploads\/2020\/07\/image-226-768x1024.png 768w, https:\/\/rejsedagbog.jnaasnet.dk\/wp-content\/uploads\/2020\/07\/image-226-225x300.png 225w, https:\/\/rejsedagbog.jnaasnet.dk\/wp-content\/uploads\/2020\/07\/image-226-1152x1536.png 1152w, https:\/\/rejsedagbog.jnaasnet.dk\/wp-content\/uploads\/2020\/07\/image-226-1536x2048.png 1536w, https:\/\/rejsedagbog.jnaasnet.dk\/wp-content\/uploads\/2020\/07\/image-226-1600x2133.png 1600w\" sizes=\"auto, (max-width: 768px) 100vw, 768px\" \/><\/figure>\n\n\n\n<figure class=\"wp-block-image size-large\"><img loading=\"lazy\" decoding=\"async\" width=\"768\" height=\"1024\" src=\"https:\/\/rejsedagbog.jnaasnet.dk\/wp-content\/uploads\/2020\/07\/image-227-768x1024.png\" alt=\"\" class=\"wp-image-532\" srcset=\"https:\/\/rejsedagbog.jnaasnet.dk\/wp-content\/uploads\/2020\/07\/image-227-768x1024.png 768w, https:\/\/rejsedagbog.jnaasnet.dk\/wp-content\/uploads\/2020\/07\/image-227-225x300.png 225w, https:\/\/rejsedagbog.jnaasnet.dk\/wp-content\/uploads\/2020\/07\/image-227-1152x1536.png 1152w, https:\/\/rejsedagbog.jnaasnet.dk\/wp-content\/uploads\/2020\/07\/image-227-1536x2048.png 1536w, https:\/\/rejsedagbog.jnaasnet.dk\/wp-content\/uploads\/2020\/07\/image-227-1600x2133.png 1600w\" sizes=\"auto, (max-width: 768px) 100vw, 768px\" \/><figcaption>&#8220;Husum, den vej!&#8221;<\/figcaption><\/figure>\n\n\n\n<p>Herefter gik vi p\u00e5 kagejagt, men fandt aldrig det helt rigtige. Vi vendte s\u00e5 sm\u00e5t n\u00e6serne mod hotellet ved 17-tiden, men rundede lige et&nbsp; stormagasin med udsalg, inden vi gjorde rigtig alvor af planen om at f\u00e5 pakket en sidste gang.<\/p>\n\n\n\n<p>Vi tog et par timers Netflix og fik styr p\u00e5 tasker og poser.<\/p>\n\n\n\n<p>Som det altid er, n\u00e5r en ferie er ved at v\u00e6re ved sin ende, er vi ved at v\u00e6re klar til at komme hjem og glo ud i luften. Vi er m\u00e6ttede.<\/p>\n\n\n\n<p>Den sidste aftensmad blev indtaget i samme omr\u00e5de som i g\u00e5r (<a href=\"https:\/\/neumanns-bistro.de\/\">Neumanns Bistro &amp; Weinbar<\/a>) og s\u00e5 skulle Jonas lige ned og sikre sig, at vinglasset var kommet rigtigt tilbage til sine ejerm\u00e6nd\u2026 og n\u00e5rh ja, lige smage om Grauer Burgunderen smagte lige s\u00e5 godt i dag, som den gjorde i g\u00e5r.<\/p>\n\n\n\n<figure class=\"wp-block-image size-large\"><img loading=\"lazy\" decoding=\"async\" width=\"768\" height=\"1024\" src=\"https:\/\/rejsedagbog.jnaasnet.dk\/wp-content\/uploads\/2020\/07\/image-229-768x1024.png\" alt=\"\" class=\"wp-image-535\" srcset=\"https:\/\/rejsedagbog.jnaasnet.dk\/wp-content\/uploads\/2020\/07\/image-229-768x1024.png 768w, https:\/\/rejsedagbog.jnaasnet.dk\/wp-content\/uploads\/2020\/07\/image-229-225x300.png 225w, https:\/\/rejsedagbog.jnaasnet.dk\/wp-content\/uploads\/2020\/07\/image-229-1152x1536.png 1152w, https:\/\/rejsedagbog.jnaasnet.dk\/wp-content\/uploads\/2020\/07\/image-229-1536x2048.png 1536w, https:\/\/rejsedagbog.jnaasnet.dk\/wp-content\/uploads\/2020\/07\/image-229-1600x2133.png 1600w\" sizes=\"auto, (max-width: 768px) 100vw, 768px\" \/><figcaption>Signe fik kyllingebryst med en virkelig l\u00e6kker artiskokragout og timian-kartoffelmos <\/figcaption><\/figure>\n\n\n\n<figure class=\"wp-block-image size-large\"><img loading=\"lazy\" decoding=\"async\" width=\"768\" height=\"1024\" src=\"https:\/\/rejsedagbog.jnaasnet.dk\/wp-content\/uploads\/2020\/07\/image-228-768x1024.png\" alt=\"\" class=\"wp-image-534\" srcset=\"https:\/\/rejsedagbog.jnaasnet.dk\/wp-content\/uploads\/2020\/07\/image-228-768x1024.png 768w, https:\/\/rejsedagbog.jnaasnet.dk\/wp-content\/uploads\/2020\/07\/image-228-225x300.png 225w, https:\/\/rejsedagbog.jnaasnet.dk\/wp-content\/uploads\/2020\/07\/image-228-1152x1536.png 1152w, https:\/\/rejsedagbog.jnaasnet.dk\/wp-content\/uploads\/2020\/07\/image-228-1536x2048.png 1536w, https:\/\/rejsedagbog.jnaasnet.dk\/wp-content\/uploads\/2020\/07\/image-228-1600x2133.png 1600w\" sizes=\"auto, (max-width: 768px) 100vw, 768px\" \/><figcaption>Jonas begyndte og sluttede ferien med en wienerschnitzel<\/figcaption><\/figure>\n\n\n\n<figure class=\"wp-block-image size-large\"><img loading=\"lazy\" decoding=\"async\" width=\"768\" height=\"1024\" src=\"https:\/\/rejsedagbog.jnaasnet.dk\/wp-content\/uploads\/2020\/07\/image-230-768x1024.png\" alt=\"\" class=\"wp-image-536\" srcset=\"https:\/\/rejsedagbog.jnaasnet.dk\/wp-content\/uploads\/2020\/07\/image-230-768x1024.png 768w, https:\/\/rejsedagbog.jnaasnet.dk\/wp-content\/uploads\/2020\/07\/image-230-225x300.png 225w, https:\/\/rejsedagbog.jnaasnet.dk\/wp-content\/uploads\/2020\/07\/image-230-1152x1536.png 1152w, https:\/\/rejsedagbog.jnaasnet.dk\/wp-content\/uploads\/2020\/07\/image-230-1536x2048.png 1536w, https:\/\/rejsedagbog.jnaasnet.dk\/wp-content\/uploads\/2020\/07\/image-230-1600x2133.png 1600w\" sizes=\"auto, (max-width: 768px) 100vw, 768px\" \/><figcaption>Creme Brulee med abrikos og rosmarinolie som kompensation for den udest\u00e5ende eftermiddagskage <\/figcaption><\/figure>\n\n\n\n<p>Nu venter blot en nats s\u00f8vn og en k\u00f8retur p\u00e5 5 timer, inden vi kan kravle op ad trapperne hjemme p\u00e5 Amager, hvormed vores begivenhedsrige k\u00f8retur f\u00e5r sin ende.<\/p>\n\n\n\n<p>Hvis vi en anden gang skal p\u00e5 tur, vil vi nok overveje en ekstra gang at slutte i en storby. Det virkede n\u00e6sten uoverskueligt, da vi ramte Hamborg, da vi ikke rigtig vidste, hvor vi skulle begynde. Efterh\u00e5nden som vi fik bev\u00e6get os lidt rundt hjalp det p\u00e5 det. Sev\u00e6rdighederne er n\u00e6rmest blevet serveret for os i de mindre byer, hvor der ikke har v\u00e6ret s\u00e5 meget at v\u00e6lge imellem. <\/p>\n\n\n\n<p>Vi er nu enige om, at vi m\u00e5 give Hamborg en ny chance p\u00e5 et senere tidspunkt. Helst hvor en verdensomsp\u00e6ndende pandemi ikke har lagt en d\u00e6mper p\u00e5 Reberbahn.<\/p>\n\n\n\n<div class=\"wp-block-columns is-layout-flex wp-container-core-columns-is-layout-9d6595d7 wp-block-columns-is-layout-flex\">\n<div class=\"wp-block-column is-layout-flow wp-block-column-is-layout-flow\">\n<p class=\"has-text-align-center\"><a href=\"https:\/\/rejsedagbog.jnaasnet.dk\/?page_id=482\">Tilbage<\/a><\/p>\n<\/div>\n\n\n\n<div class=\"wp-block-column is-layout-flow wp-block-column-is-layout-flow\"><\/div>\n<\/div>\n\n\n\n<p><\/p>\n","protected":false},"excerpt":{"rendered":"<p>Hvis vi var sl\u00f8ve i g\u00e5r, var vi tr\u00e6tte i dag. Is\u00e6r Jonas\u2019 ene t\u00e5 var h\u00e5rdt plaget af vabler.&hellip;<\/p>\n","protected":false},"author":3,"featured_media":0,"parent":25,"menu_order":17,"comment_status":"closed","ping_status":"closed","template":"","meta":{"footnotes":""},"class_list":["post-527","page","type-page","status-publish","hentry"],"_links":{"self":[{"href":"https:\/\/rejsedagbog.jnaasnet.dk\/index.php?rest_route=\/wp\/v2\/pages\/527","targetHints":{"allow":["GET"]}}],"collection":[{"href":"https:\/\/rejsedagbog.jnaasnet.dk\/index.php?rest_route=\/wp\/v2\/pages"}],"about":[{"href":"https:\/\/rejsedagbog.jnaasnet.dk\/index.php?rest_route=\/wp\/v2\/types\/page"}],"author":[{"embeddable":true,"href":"https:\/\/rejsedagbog.jnaasnet.dk\/index.php?rest_route=\/wp\/v2\/users\/3"}],"replies":[{"embeddable":true,"href":"https:\/\/rejsedagbog.jnaasnet.dk\/index.php?rest_route=%2Fwp%2Fv2%2Fcomments&post=527"}],"version-history":[{"count":3,"href":"https:\/\/rejsedagbog.jnaasnet.dk\/index.php?rest_route=\/wp\/v2\/pages\/527\/revisions"}],"predecessor-version":[{"id":540,"href":"https:\/\/rejsedagbog.jnaasnet.dk\/index.php?rest_route=\/wp\/v2\/pages\/527\/revisions\/540"}],"up":[{"embeddable":true,"href":"https:\/\/rejsedagbog.jnaasnet.dk\/index.php?rest_route=\/wp\/v2\/pages\/25"}],"wp:attachment":[{"href":"https:\/\/rejsedagbog.jnaasnet.dk\/index.php?rest_route=%2Fwp%2Fv2%2Fmedia&parent=527"}],"curies":[{"name":"wp","href":"https:\/\/api.w.org\/{rel}","templated":true}]}}