{"id":51,"date":"2020-07-08T21:42:53","date_gmt":"2020-07-08T19:42:53","guid":{"rendered":"https:\/\/rejsedagbog.jnaasnet.dk\/?page_id=51"},"modified":"2020-07-10T01:10:04","modified_gmt":"2020-07-09T23:10:04","slug":"dag-9-freiburg-baden-baden-heidelberg","status":"publish","type":"page","link":"https:\/\/rejsedagbog.jnaasnet.dk\/?page_id=51","title":{"rendered":"Dag #9: Freiburg &#8211; Baden-Baden &#8211; Heidelberg"},"content":{"rendered":"\n<h4 class=\"wp-block-heading\">Onsdag den 8. juli 2020<\/h4>\n\n\n\n<p>Det nyvaskede t\u00f8j havde h\u00e6ngt og dampet af natten over, s\u00e5 der var lidt, der skulle samles sammen inden afgang.<\/p>\n\n\n\n<p>Vi k\u00f8rte fra hotellet klokken lidt over 10. Det korte indtryk vi fik af byen, var ret positivt og vi vil egentlig gerne tilbage og udforske det igen p\u00e5 et senere tidspunkt. Det vil formentlig kunne klares p\u00e5 et par dage, s\u00e5 det vil skulle ske i forbindelse med eller i kombination med at vi bes\u00f8ger andre steder ogs\u00e5.<\/p>\n\n\n\n<p>Vi satte kursen mod Baden-Baden, der blandt andet er kendt som en wellness- og kurby.<\/p>\n\n\n\n<p>P\u00e5 vejen k\u00f8rte vi i bjerge og kom igennem omr\u00e5der med stor tr\u00e6produktion. Jonas fik lov til at bruge sine bjergk\u00f8rsels-skillz en smule p\u00e5 de ret s\u00e5 stejle stigninger.<\/p>\n\n\n\n<p>Mange steder var der en meget smuk udsigt til skov og bjerge.<\/p>\n\n\n\n<figure class=\"wp-block-image size-large\"><img loading=\"lazy\" decoding=\"async\" width=\"768\" height=\"1024\" src=\"https:\/\/rejsedagbog.jnaasnet.dk\/wp-content\/uploads\/2020\/07\/image-105-768x1024.png\" alt=\"\" class=\"wp-image-223\" srcset=\"https:\/\/rejsedagbog.jnaasnet.dk\/wp-content\/uploads\/2020\/07\/image-105-768x1024.png 768w, https:\/\/rejsedagbog.jnaasnet.dk\/wp-content\/uploads\/2020\/07\/image-105-225x300.png 225w, https:\/\/rejsedagbog.jnaasnet.dk\/wp-content\/uploads\/2020\/07\/image-105-1152x1536.png 1152w, https:\/\/rejsedagbog.jnaasnet.dk\/wp-content\/uploads\/2020\/07\/image-105-1536x2048.png 1536w, https:\/\/rejsedagbog.jnaasnet.dk\/wp-content\/uploads\/2020\/07\/image-105-1600x2133.png 1600w\" sizes=\"auto, (max-width: 768px) 100vw, 768px\" \/><\/figure>\n\n\n\n<figure class=\"wp-block-image size-large\"><img loading=\"lazy\" decoding=\"async\" width=\"768\" height=\"1024\" src=\"https:\/\/rejsedagbog.jnaasnet.dk\/wp-content\/uploads\/2020\/07\/image-108-768x1024.png\" alt=\"\" class=\"wp-image-226\" srcset=\"https:\/\/rejsedagbog.jnaasnet.dk\/wp-content\/uploads\/2020\/07\/image-108-768x1024.png 768w, https:\/\/rejsedagbog.jnaasnet.dk\/wp-content\/uploads\/2020\/07\/image-108-225x300.png 225w, https:\/\/rejsedagbog.jnaasnet.dk\/wp-content\/uploads\/2020\/07\/image-108-1152x1536.png 1152w, https:\/\/rejsedagbog.jnaasnet.dk\/wp-content\/uploads\/2020\/07\/image-108-1536x2048.png 1536w, https:\/\/rejsedagbog.jnaasnet.dk\/wp-content\/uploads\/2020\/07\/image-108-1600x2133.png 1600w\" sizes=\"auto, (max-width: 768px) 100vw, 768px\" \/><\/figure>\n\n\n\n<p>Vi n\u00e5ede Baden-Baden-Baden-Baden omkring klokken 13.30. Flere af butikkerne holdt middagspause p\u00e5 dette tidspunkt &#8211; ligesom i resten af Sydeuropa. Termometeret i bilen sagde da ogs\u00e5 29 grader. Det f\u00f8ltes dog ikke helt s\u00e5dan, men m\u00e5ske n\u00e6rmere som 26 grader. Med andre ord var klimaet ret behageligt (m\u00e5ske endnu bedre taget i betragtning af at meldingerne hjemmefra siger regn, bl\u00e6st og 13 grader)<\/p>\n\n\n\n<p>Vi fandt et sted at spise frokost og gik derefter en lille runde i byen. Frokosten var naturligvis ledsaget af lokal hvidvin.<\/p>\n\n\n\n<figure class=\"wp-block-image size-large\"><img loading=\"lazy\" decoding=\"async\" width=\"768\" height=\"1024\" src=\"https:\/\/rejsedagbog.jnaasnet.dk\/wp-content\/uploads\/2020\/07\/image-109-768x1024.png\" alt=\"\" class=\"wp-image-227\" srcset=\"https:\/\/rejsedagbog.jnaasnet.dk\/wp-content\/uploads\/2020\/07\/image-109-768x1024.png 768w, https:\/\/rejsedagbog.jnaasnet.dk\/wp-content\/uploads\/2020\/07\/image-109-225x300.png 225w, https:\/\/rejsedagbog.jnaasnet.dk\/wp-content\/uploads\/2020\/07\/image-109-1152x1536.png 1152w, https:\/\/rejsedagbog.jnaasnet.dk\/wp-content\/uploads\/2020\/07\/image-109-1536x2048.png 1536w, https:\/\/rejsedagbog.jnaasnet.dk\/wp-content\/uploads\/2020\/07\/image-109-1600x2133.png 1600w\" sizes=\"auto, (max-width: 768px) 100vw, 768px\" \/><\/figure>\n\n\n\n<p>Vi gik blandt andet op og s\u00e5 de romerske, termiske bade. Dog kun udefra, da der var lukket. Om det skyldtes Corona-restriktioner eller noget andet, var vi ikke helt sikre p\u00e5. Vi gik tilbage af hovedstr\u00f8get, hvor flere af butikkerne var \u00e5bnet i mellem tiden. Vi kiggede ind i et par af dem, men det blev kun ved det.<\/p>\n\n\n\n<p>Jonas havde spottet en dessertcaf\u00e9\/iscaf\u00e9 p\u00e5 vej den anden vej, hvor han havde f\u00e5et \u00f8je p\u00e5 en jordb\u00e6rt\u00e6rte, som maven nu kaldte p\u00e5.<\/p>\n\n\n\n<figure class=\"wp-block-image size-large\"><img loading=\"lazy\" decoding=\"async\" width=\"768\" height=\"1024\" src=\"https:\/\/rejsedagbog.jnaasnet.dk\/wp-content\/uploads\/2020\/07\/image-107-768x1024.png\" alt=\"\" class=\"wp-image-225\" srcset=\"https:\/\/rejsedagbog.jnaasnet.dk\/wp-content\/uploads\/2020\/07\/image-107-768x1024.png 768w, https:\/\/rejsedagbog.jnaasnet.dk\/wp-content\/uploads\/2020\/07\/image-107-225x300.png 225w, https:\/\/rejsedagbog.jnaasnet.dk\/wp-content\/uploads\/2020\/07\/image-107-1152x1536.png 1152w, https:\/\/rejsedagbog.jnaasnet.dk\/wp-content\/uploads\/2020\/07\/image-107-1536x2048.png 1536w, https:\/\/rejsedagbog.jnaasnet.dk\/wp-content\/uploads\/2020\/07\/image-107-1600x2133.png 1600w\" sizes=\"auto, (max-width: 768px) 100vw, 768px\" \/><\/figure>\n\n\n\n<p>&nbsp;Iscaf\u00e9er har vi forresten set mange andre steder og der serveres STORE isdesserter.<\/p>\n\n\n\n<p>Vi bestilte hver et stykke kage og en iskaffe. Vi havde bare ikke lige overvejet, at en iskaffe kunne betyder andet end cold-brew eller en kop kaffe med isterninger i.<\/p>\n\n\n\n<p>I hvert fald kom damen med to store glas med tre kugler is med kaffe over toppet med fl\u00f8deskum og vaffel.<\/p>\n\n\n\n<figure class=\"wp-block-image size-large\"><img loading=\"lazy\" decoding=\"async\" width=\"768\" height=\"1024\" src=\"https:\/\/rejsedagbog.jnaasnet.dk\/wp-content\/uploads\/2020\/07\/image-106-768x1024.png\" alt=\"\" class=\"wp-image-224\" srcset=\"https:\/\/rejsedagbog.jnaasnet.dk\/wp-content\/uploads\/2020\/07\/image-106-768x1024.png 768w, https:\/\/rejsedagbog.jnaasnet.dk\/wp-content\/uploads\/2020\/07\/image-106-225x300.png 225w, https:\/\/rejsedagbog.jnaasnet.dk\/wp-content\/uploads\/2020\/07\/image-106-1152x1536.png 1152w, https:\/\/rejsedagbog.jnaasnet.dk\/wp-content\/uploads\/2020\/07\/image-106-1536x2048.png 1536w, https:\/\/rejsedagbog.jnaasnet.dk\/wp-content\/uploads\/2020\/07\/image-106-1600x2133.png 1600w\" sizes=\"auto, (max-width: 768px) 100vw, 768px\" \/><\/figure>\n\n\n\n<p>S\u00e5 blev sukkerdepoterne ellers fyldt op.<\/p>\n\n\n\n<p>Vi trillede tilbage til bilen.<\/p>\n\n\n\n<p>Selvom Baden-Baden ogs\u00e5 er en turistby, er det p\u00e5 en anden m\u00e5de end F\u00fcssen. Baden-Baden kunne sagtens udforskes mere ved senere lejlighed ogs\u00e5.<\/p>\n\n\n\n<p>Det var blevet overskyet og de lidt tunge skyer blev h\u00e6ngende hele ture fra Baden-Baden og til Heidelberg, hvor vi var fremme ved 19-tiden.<\/p>\n\n\n\n<p>Til vores (l\u00e6s: Signes) store gl\u00e6de var der badekar p\u00e5 v\u00e6relset, hvilket vi ikke har haft siden&nbsp; dag #1 i Wittenberg.<\/p>\n\n\n\n<p>Den sidste del af k\u00f8returen (eller var det m\u00e5ske blodsukkeret, der var styrtdykket) havde taget lidt h\u00e5rdt p\u00e5 Jonas, som var den, der hoppede i karret.<\/p>\n\n\n\n<p>Signe fandt et lille supermarked nede ad gaden og k\u00f8bte noget rugbr\u00f8d, frugt, lidt ost og p\u00f8lse, som kunne veje en lille smule op for de kaloriem\u00e6ssige udskejelser.<\/p>\n\n\n\n<p>Resten af aftenen gik med redigering af rejsedagbog og planl\u00e6gning morgendagen.<\/p>\n\n\n\n<figure class=\"wp-block-image size-large\"><img loading=\"lazy\" decoding=\"async\" width=\"591\" height=\"1024\" src=\"https:\/\/rejsedagbog.jnaasnet.dk\/wp-content\/uploads\/2020\/07\/Screenshot_20200709-012154_Maps.png-591x1024.jpg\" alt=\"\" class=\"wp-image-231\" srcset=\"https:\/\/rejsedagbog.jnaasnet.dk\/wp-content\/uploads\/2020\/07\/Screenshot_20200709-012154_Maps.png-591x1024.jpg 591w, https:\/\/rejsedagbog.jnaasnet.dk\/wp-content\/uploads\/2020\/07\/Screenshot_20200709-012154_Maps.png-173x300.jpg 173w, https:\/\/rejsedagbog.jnaasnet.dk\/wp-content\/uploads\/2020\/07\/Screenshot_20200709-012154_Maps.png-768x1330.jpg 768w, https:\/\/rejsedagbog.jnaasnet.dk\/wp-content\/uploads\/2020\/07\/Screenshot_20200709-012154_Maps.png-887x1536.jpg 887w, https:\/\/rejsedagbog.jnaasnet.dk\/wp-content\/uploads\/2020\/07\/Screenshot_20200709-012154_Maps.png.jpg 1080w\" sizes=\"auto, (max-width: 591px) 100vw, 591px\" \/><figcaption>Dagens etape<\/figcaption><\/figure>\n\n\n\n<div class=\"wp-block-columns is-layout-flex wp-container-core-columns-is-layout-9d6595d7 wp-block-columns-is-layout-flex\">\n<div class=\"wp-block-column is-layout-flow wp-block-column-is-layout-flow\">\n<p class=\"has-text-align-center\"><a href=\"https:\/\/rejsedagbog.jnaasnet.dk\/?page_id=165\">Tilbage<\/a><\/p>\n<\/div>\n\n\n\n<div class=\"wp-block-column is-layout-flow wp-block-column-is-layout-flow\">\n<p class=\"has-text-align-center\"><a href=\"https:\/\/rejsedagbog.jnaasnet.dk\/?page_id=247\">N\u00e6ste<\/a><\/p>\n<\/div>\n<\/div>\n","protected":false},"excerpt":{"rendered":"<p>Onsdag den 8. juli 2020 Det nyvaskede t\u00f8j havde h\u00e6ngt og dampet af natten over, s\u00e5 der var lidt, der&hellip;<\/p>\n","protected":false},"author":3,"featured_media":0,"parent":25,"menu_order":9,"comment_status":"closed","ping_status":"closed","template":"","meta":{"footnotes":""},"class_list":["post-51","page","type-page","status-publish","hentry"],"_links":{"self":[{"href":"https:\/\/rejsedagbog.jnaasnet.dk\/index.php?rest_route=\/wp\/v2\/pages\/51","targetHints":{"allow":["GET"]}}],"collection":[{"href":"https:\/\/rejsedagbog.jnaasnet.dk\/index.php?rest_route=\/wp\/v2\/pages"}],"about":[{"href":"https:\/\/rejsedagbog.jnaasnet.dk\/index.php?rest_route=\/wp\/v2\/types\/page"}],"author":[{"embeddable":true,"href":"https:\/\/rejsedagbog.jnaasnet.dk\/index.php?rest_route=\/wp\/v2\/users\/3"}],"replies":[{"embeddable":true,"href":"https:\/\/rejsedagbog.jnaasnet.dk\/index.php?rest_route=%2Fwp%2Fv2%2Fcomments&post=51"}],"version-history":[{"count":7,"href":"https:\/\/rejsedagbog.jnaasnet.dk\/index.php?rest_route=\/wp\/v2\/pages\/51\/revisions"}],"predecessor-version":[{"id":441,"href":"https:\/\/rejsedagbog.jnaasnet.dk\/index.php?rest_route=\/wp\/v2\/pages\/51\/revisions\/441"}],"up":[{"embeddable":true,"href":"https:\/\/rejsedagbog.jnaasnet.dk\/index.php?rest_route=\/wp\/v2\/pages\/25"}],"wp:attachment":[{"href":"https:\/\/rejsedagbog.jnaasnet.dk\/index.php?rest_route=%2Fwp%2Fv2%2Fmedia&parent=51"}],"curies":[{"name":"wp","href":"https:\/\/api.w.org\/{rel}","templated":true}]}}