{"id":382,"date":"2020-07-12T23:01:44","date_gmt":"2020-07-12T21:01:44","guid":{"rendered":"https:\/\/rejsedagbog.jnaasnet.dk\/?page_id=382"},"modified":"2020-07-14T00:40:13","modified_gmt":"2020-07-13T22:40:13","slug":"dag-13-eifel-mandersheid","status":"publish","type":"page","link":"https:\/\/rejsedagbog.jnaasnet.dk\/?page_id=382","title":{"rendered":"Dag #13: Eifel\/Manderscheid"},"content":{"rendered":"\n<p>Vi overlevede natten i teltet med n\u00f8d og n\u00e6ppe, Signe fr\u00f8s &#8211; meget &#8211; Det bliver alt andet lige lidt k\u00f8ligere, n\u00e5r man overnatter p\u00e5 toppen af en bakke (ca. 400 meter over havets overflade), n\u00e5r solen ikke st\u00e5r p\u00e5, heldigvis var vores telt sl\u00e5et op i skygge, s\u00e5 det blev ikke for varmt tidligt om morgenen, s\u00e5 vi kunne sove helt til kl. 10, dog afbrudt af en fugl der synes den skulle v\u00e6kke resten af skoven kl. 04.35. Omkring samme tidspunkt, et sted mellem kl. 04.16 og kl. 05.45, besluttede Signe, at hendes mulige deltagelse i en ekspedition med Sirius patruljen fra nu af var afskrevet. Det er ogs\u00e5 godt at kunne begr\u00e6nse sig.<\/p>\n\n\n\n<p>Vi kom op og fik ordnet det forn\u00f8dne og drog mod &#8220;byen&#8221; for at finde noget at spise.<\/p>\n\n\n\n<p>Byen best\u00e5r i \u00f8vrigt af 3 restauranter, 1 tankstation, 1 r\u00e5dhus, 2 fris\u00f8rer, og 2 borgruiner med tilh\u00f8rende caf\u00e9.<\/p>\n\n\n\n<p>Klokken var dog nu passeret morgenmadstid, hvorfor vi hoppede direkte p\u00e5 en frokost. Signe indtog noget Spie\u00dfbraten &#8211; en art roulade af svinek\u00f8d og masser sovs, og Jonas en Zigeunerschnitzel, begge retter akkompagneret af brasede kartofler med drys af bacon og lille salat. Det der med bacon p\u00e5 de brasede kartofler, skriver vi os bag \u00f8ret.<\/p>\n\n\n\n<figure class=\"wp-block-image size-large\"><img loading=\"lazy\" decoding=\"async\" width=\"768\" height=\"1024\" src=\"https:\/\/rejsedagbog.jnaasnet.dk\/wp-content\/uploads\/2020\/07\/image-185-768x1024.png\" alt=\"\" class=\"wp-image-386\" srcset=\"https:\/\/rejsedagbog.jnaasnet.dk\/wp-content\/uploads\/2020\/07\/image-185-768x1024.png 768w, https:\/\/rejsedagbog.jnaasnet.dk\/wp-content\/uploads\/2020\/07\/image-185-225x300.png 225w, https:\/\/rejsedagbog.jnaasnet.dk\/wp-content\/uploads\/2020\/07\/image-185-1152x1536.png 1152w, https:\/\/rejsedagbog.jnaasnet.dk\/wp-content\/uploads\/2020\/07\/image-185-1536x2048.png 1536w, https:\/\/rejsedagbog.jnaasnet.dk\/wp-content\/uploads\/2020\/07\/image-185-1600x2133.png 1600w\" sizes=\"auto, (max-width: 768px) 100vw, 768px\" \/><\/figure>\n\n\n\n<p>Efter maden satte vi retningen mod f\u00f8rn\u00e6vnte borgruiner, der l\u00e5 omtrent 200 meter v\u00e6k i fugleflugtslinje, men den reelle afstand var nok n\u00e6rmere i retningen af 1\u00bdkm i kuperet terr\u00e6n.<\/p>\n\n\n\n<figure class=\"wp-block-image size-large\"><img loading=\"lazy\" decoding=\"async\" width=\"1024\" height=\"576\" src=\"https:\/\/rejsedagbog.jnaasnet.dk\/wp-content\/uploads\/2020\/07\/20200711_185335-1024x576.jpg\" alt=\"\" class=\"wp-image-397\" srcset=\"https:\/\/rejsedagbog.jnaasnet.dk\/wp-content\/uploads\/2020\/07\/20200711_185335-1024x576.jpg 1024w, https:\/\/rejsedagbog.jnaasnet.dk\/wp-content\/uploads\/2020\/07\/20200711_185335-300x169.jpg 300w, https:\/\/rejsedagbog.jnaasnet.dk\/wp-content\/uploads\/2020\/07\/20200711_185335-768x432.jpg 768w, https:\/\/rejsedagbog.jnaasnet.dk\/wp-content\/uploads\/2020\/07\/20200711_185335-1536x864.jpg 1536w, https:\/\/rejsedagbog.jnaasnet.dk\/wp-content\/uploads\/2020\/07\/20200711_185335-2048x1152.jpg 2048w, https:\/\/rejsedagbog.jnaasnet.dk\/wp-content\/uploads\/2020\/07\/20200711_185335-1600x900.jpg 1600w\" sizes=\"auto, (max-width: 1024px) 100vw, 1024px\" \/><\/figure>\n\n\n\n<p>Oberburg, som er den \u00f8verst beliggende og \u00e6ldste af de 2, er m\u00e5ske den \u00e6ldste vi har set p\u00e5 turen. Der er optegnelser, der n\u00e6vner borgen fra f\u00f8r \u00e5r 1000. Efter at have v\u00e6ret oppe i t\u00e5rnet og nydt udsigten lidt, sikrede vi os, at vi havde set det fra alle mulige vinkler (naturligvis).<\/p>\n\n\n\n<figure class=\"wp-block-image size-large\"><img loading=\"lazy\" decoding=\"async\" width=\"768\" height=\"1024\" src=\"https:\/\/rejsedagbog.jnaasnet.dk\/wp-content\/uploads\/2020\/07\/image-190-768x1024.png\" alt=\"\" class=\"wp-image-391\" srcset=\"https:\/\/rejsedagbog.jnaasnet.dk\/wp-content\/uploads\/2020\/07\/image-190-768x1024.png 768w, https:\/\/rejsedagbog.jnaasnet.dk\/wp-content\/uploads\/2020\/07\/image-190-225x300.png 225w, https:\/\/rejsedagbog.jnaasnet.dk\/wp-content\/uploads\/2020\/07\/image-190-1152x1536.png 1152w, https:\/\/rejsedagbog.jnaasnet.dk\/wp-content\/uploads\/2020\/07\/image-190-1536x2048.png 1536w, https:\/\/rejsedagbog.jnaasnet.dk\/wp-content\/uploads\/2020\/07\/image-190-1600x2133.png 1600w\" sizes=\"auto, (max-width: 768px) 100vw, 768px\" \/><\/figure>\n\n\n\n<p>Vi gik mod Niederburg ned ad bjergsiden ad smalle stier med stejle sk\u00e5ninger p\u00e5 alle sider. Nede i slugten slangede en lille b\u00e6k sig ind imellem de 2 borge, hvor flere sad p\u00e5 t\u00e6pper og holdt en fredelig picnic.<\/p>\n\n\n\n<p>Der var lidt mere gang i den foran Niederburg. Det vil sige, at der var en lille caf\u00e9, toiletter og en butik med diverse ridderkostumer og tr\u00e6sv\u00e6rd til b\u00f8rn.<\/p>\n\n\n\n<p>At komme ind p\u00e5 borgens omr\u00e5de var bedre end juleaften for Jonas. Ingen mursten fik lov at undslippe hans opm\u00e6rksomhed. Det er n\u00e6sten underligt, at Jonas ikke har med bygninger og\/eller sten\/mursten at g\u00f8re til daglig. Det kan selvf\u00f8lgelig n\u00e5s endnu. Da han n\u00e6sten faldt i svime over, hvordan man tydeligt kunne se at lagene i bjerget som borgen var bygget p\u00e5(tektoniske plader og skifferlag) gik i forskellige retninger, var Signes t\u00e5lmodighed brugt op, og vi kunne bev\u00e6ge os videre rundt for at ende i Niederburgs t\u00e5rn, hvor vi kunne nyde udsigten igen fra en anden vinkel.<\/p>\n\n\n\n<figure class=\"wp-block-image size-large\"><img loading=\"lazy\" decoding=\"async\" width=\"768\" height=\"1024\" src=\"https:\/\/rejsedagbog.jnaasnet.dk\/wp-content\/uploads\/2020\/07\/image-186-768x1024.png\" alt=\"\" class=\"wp-image-387\" srcset=\"https:\/\/rejsedagbog.jnaasnet.dk\/wp-content\/uploads\/2020\/07\/image-186-768x1024.png 768w, https:\/\/rejsedagbog.jnaasnet.dk\/wp-content\/uploads\/2020\/07\/image-186-225x300.png 225w, https:\/\/rejsedagbog.jnaasnet.dk\/wp-content\/uploads\/2020\/07\/image-186-1152x1536.png 1152w, https:\/\/rejsedagbog.jnaasnet.dk\/wp-content\/uploads\/2020\/07\/image-186-1536x2048.png 1536w, https:\/\/rejsedagbog.jnaasnet.dk\/wp-content\/uploads\/2020\/07\/image-186-1600x2133.png 1600w\" sizes=\"auto, (max-width: 768px) 100vw, 768px\" \/><\/figure>\n\n\n\n<figure class=\"wp-block-image size-large\"><img loading=\"lazy\" decoding=\"async\" width=\"769\" height=\"1024\" src=\"https:\/\/rejsedagbog.jnaasnet.dk\/wp-content\/uploads\/2020\/07\/image-182-769x1024.png\" alt=\"\" class=\"wp-image-383\" srcset=\"https:\/\/rejsedagbog.jnaasnet.dk\/wp-content\/uploads\/2020\/07\/image-182-769x1024.png 769w, https:\/\/rejsedagbog.jnaasnet.dk\/wp-content\/uploads\/2020\/07\/image-182-225x300.png 225w, https:\/\/rejsedagbog.jnaasnet.dk\/wp-content\/uploads\/2020\/07\/image-182-768x1022.png 768w, https:\/\/rejsedagbog.jnaasnet.dk\/wp-content\/uploads\/2020\/07\/image-182-1154x1536.png 1154w, https:\/\/rejsedagbog.jnaasnet.dk\/wp-content\/uploads\/2020\/07\/image-182-1539x2048.png 1539w, https:\/\/rejsedagbog.jnaasnet.dk\/wp-content\/uploads\/2020\/07\/image-182-1600x2130.png 1600w\" sizes=\"auto, (max-width: 769px) 100vw, 769px\" \/><\/figure>\n\n\n\n<figure class=\"wp-block-image size-large\"><img loading=\"lazy\" decoding=\"async\" width=\"768\" height=\"1024\" src=\"https:\/\/rejsedagbog.jnaasnet.dk\/wp-content\/uploads\/2020\/07\/image-183-768x1024.png\" alt=\"\" class=\"wp-image-384\" srcset=\"https:\/\/rejsedagbog.jnaasnet.dk\/wp-content\/uploads\/2020\/07\/image-183-768x1024.png 768w, https:\/\/rejsedagbog.jnaasnet.dk\/wp-content\/uploads\/2020\/07\/image-183-225x300.png 225w, https:\/\/rejsedagbog.jnaasnet.dk\/wp-content\/uploads\/2020\/07\/image-183-1152x1536.png 1152w, https:\/\/rejsedagbog.jnaasnet.dk\/wp-content\/uploads\/2020\/07\/image-183-1536x2048.png 1536w, https:\/\/rejsedagbog.jnaasnet.dk\/wp-content\/uploads\/2020\/07\/image-183-1600x2133.png 1600w\" sizes=\"auto, (max-width: 768px) 100vw, 768px\" \/><figcaption>I et vandhul midt i Niederburgs slotsg\u00e5rd, der hvor man plejede at hente vand fra, bor nu en masse store haletudser &#8211; Nogle ret rige haletudser<\/figcaption><\/figure>\n\n\n\n<figure class=\"wp-block-image size-large\"><img loading=\"lazy\" decoding=\"async\" width=\"768\" height=\"1024\" src=\"https:\/\/rejsedagbog.jnaasnet.dk\/wp-content\/uploads\/2020\/07\/image-188-768x1024.png\" alt=\"\" class=\"wp-image-389\" srcset=\"https:\/\/rejsedagbog.jnaasnet.dk\/wp-content\/uploads\/2020\/07\/image-188-768x1024.png 768w, https:\/\/rejsedagbog.jnaasnet.dk\/wp-content\/uploads\/2020\/07\/image-188-225x300.png 225w, https:\/\/rejsedagbog.jnaasnet.dk\/wp-content\/uploads\/2020\/07\/image-188-1152x1536.png 1152w, https:\/\/rejsedagbog.jnaasnet.dk\/wp-content\/uploads\/2020\/07\/image-188-1536x2048.png 1536w, https:\/\/rejsedagbog.jnaasnet.dk\/wp-content\/uploads\/2020\/07\/image-188-1600x2133.png 1600w\" sizes=\"auto, (max-width: 768px) 100vw, 768px\" \/><\/figure>\n\n\n\n<p>Vi var blevet t\u00f8rstige og gik derfor hen p\u00e5 caf\u00e9en p\u00e5 den anden side af vejen. Tilf\u00e6ldet ville, at de her serverede ret s\u00e5 indbydende kager. Udover lidt at drikke blev det derfor ogs\u00e5 til et stykke kage. Vi sad og hang lidt og slappede af i solen.<\/p>\n\n\n\n<figure class=\"wp-block-image size-large\"><img loading=\"lazy\" decoding=\"async\" width=\"768\" height=\"1024\" src=\"https:\/\/rejsedagbog.jnaasnet.dk\/wp-content\/uploads\/2020\/07\/image-187-768x1024.png\" alt=\"\" class=\"wp-image-388\" srcset=\"https:\/\/rejsedagbog.jnaasnet.dk\/wp-content\/uploads\/2020\/07\/image-187-768x1024.png 768w, https:\/\/rejsedagbog.jnaasnet.dk\/wp-content\/uploads\/2020\/07\/image-187-225x300.png 225w, https:\/\/rejsedagbog.jnaasnet.dk\/wp-content\/uploads\/2020\/07\/image-187-1152x1536.png 1152w, https:\/\/rejsedagbog.jnaasnet.dk\/wp-content\/uploads\/2020\/07\/image-187-1536x2048.png 1536w, https:\/\/rejsedagbog.jnaasnet.dk\/wp-content\/uploads\/2020\/07\/image-187-1600x2133.png 1600w\" sizes=\"auto, (max-width: 768px) 100vw, 768px\" \/><\/figure>\n\n\n\n<p>Som altid, n\u00e5r vi forlader et serveringssted, s\u00f8rger vi for at tisse af. For at komme til toilettet her, blev man f\u00f8rt ned i k\u00e6lderen. Her viste sig ogs\u00e5 at v\u00e6re et mindre udsalg af gamle d\u00e5ser, porcel\u00e6n og andre fine gamle ting. Signe fandt blandt andet en sovsekande, som kommer med hjem. Der var ogs\u00e5 et whisky-rum, hvor der formentlig afholdes smagninger. Her var hylderne fyldte med et imponerende udvalg af alverdens whiskyer. Kommer man forbi Niederburg, er caf\u00e9en p\u00e5 den anden side af vejen klart et bes\u00f8g v\u00e6rd.<\/p>\n\n\n\n<p>I stedet for at tage den asfalterede vej, som biler, motorcykler og cykler benytter til at komme op ad bjerget til Manderscheid, fandt vi en lille trappe, der gik op til en lille sti. Inden kom vi dog lidt p\u00e5 afveje, hvor Jonas f\u00f8rst mente, at vi skulle krydse b\u00e6kken via stenene. Han vendte dog om og undgik heldigvis v\u00e5de f\u00f8dder.<\/p>\n\n\n\n<figure class=\"wp-block-image size-large\"><img loading=\"lazy\" decoding=\"async\" width=\"768\" height=\"1024\" src=\"https:\/\/rejsedagbog.jnaasnet.dk\/wp-content\/uploads\/2020\/07\/image-189-768x1024.png\" alt=\"\" class=\"wp-image-390\" srcset=\"https:\/\/rejsedagbog.jnaasnet.dk\/wp-content\/uploads\/2020\/07\/image-189-768x1024.png 768w, https:\/\/rejsedagbog.jnaasnet.dk\/wp-content\/uploads\/2020\/07\/image-189-225x300.png 225w, https:\/\/rejsedagbog.jnaasnet.dk\/wp-content\/uploads\/2020\/07\/image-189-1152x1536.png 1152w, https:\/\/rejsedagbog.jnaasnet.dk\/wp-content\/uploads\/2020\/07\/image-189-1536x2048.png 1536w, https:\/\/rejsedagbog.jnaasnet.dk\/wp-content\/uploads\/2020\/07\/image-189-1600x2133.png 1600w\" sizes=\"auto, (max-width: 768px) 100vw, 768px\" \/><\/figure>\n\n\n\n<p>Vi fandt tilbage til trappen og nu gik det igen op, op, op. Vi blev enige om at stigningen var mere stejl end den vi tog i F\u00fcssen og s\u00e5 var stien ogs\u00e5 v\u00e6sentlig smallere.<\/p>\n\n\n\n<p>Da vi n\u00e5ede, hvor vi havde spist frokost, var det midt i en open air-koncert i en \u00e5ben, offentlig have &#8211; en bl\u00e6ser-kvintet spillede noget Mendelssohn og de spillede smukt. <\/p>\n\n\n\n<figure class=\"wp-block-video\"><video height=\"1440\" style=\"aspect-ratio: 1920 \/ 1440;\" width=\"1920\" controls src=\"https:\/\/rejsedagbog.jnaasnet.dk\/wp-content\/uploads\/2020\/07\/20200712_172612.mp4\"><\/video><\/figure>\n\n\n\n<p>Den fik vi et par minutter med af, inden vi fortsatte kursen mod et supermarked for at k\u00f8be noget br\u00f8d. Vi havde en klar forestilling om at det l\u00e5 t\u00e6ttere p\u00e5 end det lige umiddelbart gjorde. Da vi var n\u00e5et halvvejs, kom vi i tanke om at det var s\u00f8ndag og tjekkede derfor via Google om supermarkedet mon var \u00e5bent. Klokken var n\u00e6sten 18 og vi var trods alt lidt ude p\u00e5 Lars Tyndskids (eller hvad han hedder i Tyskland) Marker. Google informerede om at der var lukket, s\u00e5 vi vendte alts\u00e5 om igen. Aftensmaden blev derfor en d\u00f6ner i stedet.<\/p>\n\n\n\n<p>Nu var Signes hoved fyldt, og hun lagde sig derfor p\u00e5 en af luftmadrasserne p\u00e5 gr\u00e6sset i solen foran teltet, da vi kom tilbage. Her l\u00e5 hun med tegneserien Maus i en times tid.<\/p>\n\n\n\n<figure class=\"wp-block-image size-large\"><img loading=\"lazy\" decoding=\"async\" width=\"768\" height=\"1024\" src=\"https:\/\/rejsedagbog.jnaasnet.dk\/wp-content\/uploads\/2020\/07\/image-184-768x1024.png\" alt=\"\" class=\"wp-image-385\" srcset=\"https:\/\/rejsedagbog.jnaasnet.dk\/wp-content\/uploads\/2020\/07\/image-184-768x1024.png 768w, https:\/\/rejsedagbog.jnaasnet.dk\/wp-content\/uploads\/2020\/07\/image-184-225x300.png 225w, https:\/\/rejsedagbog.jnaasnet.dk\/wp-content\/uploads\/2020\/07\/image-184-1152x1536.png 1152w, https:\/\/rejsedagbog.jnaasnet.dk\/wp-content\/uploads\/2020\/07\/image-184-1536x2048.png 1536w, https:\/\/rejsedagbog.jnaasnet.dk\/wp-content\/uploads\/2020\/07\/image-184-1600x2133.png 1600w\" sizes=\"auto, (max-width: 768px) 100vw, 768px\" \/><\/figure>\n\n\n\n<p>Herefter gik vi ned til campingpladsens Hotspot for at foretage bookninger af turens sidste overnatninger og for at uploade rejsedagbog.<\/p>\n\n\n\n<p>Der er af uransagelige \u00e5rsager helt afsindig d\u00e5rlig internetd\u00e6kning p\u00e5 telefonerne og muligvis ogs\u00e5 d\u00e5rligt mobilsignal i store dele af omr\u00e5det, i hvert fald den del af Rheinland-Pfalz vi har bes\u00f8gt, inklusiv p\u00e5 campingpladsen.<\/p>\n\n\n\n<figure class=\"wp-block-image size-large\"><img loading=\"lazy\" decoding=\"async\" width=\"1920\" height=\"2560\" src=\"https:\/\/rejsedagbog.jnaasnet.dk\/wp-content\/uploads\/2020\/07\/img_3091-scaled.jpg\" alt=\"\" class=\"wp-image-407\" srcset=\"https:\/\/rejsedagbog.jnaasnet.dk\/wp-content\/uploads\/2020\/07\/img_3091-scaled.jpg 1920w, https:\/\/rejsedagbog.jnaasnet.dk\/wp-content\/uploads\/2020\/07\/img_3091-225x300.jpg 225w, https:\/\/rejsedagbog.jnaasnet.dk\/wp-content\/uploads\/2020\/07\/img_3091-768x1024.jpg 768w, https:\/\/rejsedagbog.jnaasnet.dk\/wp-content\/uploads\/2020\/07\/img_3091-1152x1536.jpg 1152w, https:\/\/rejsedagbog.jnaasnet.dk\/wp-content\/uploads\/2020\/07\/img_3091-1536x2048.jpg 1536w, https:\/\/rejsedagbog.jnaasnet.dk\/wp-content\/uploads\/2020\/07\/img_3091-1600x2133.jpg 1600w\" sizes=\"auto, (max-width: 1920px) 100vw, 1920px\" \/><figcaption>Godnat fra Naturcamping<\/figcaption><\/figure>\n\n\n\n<div class=\"wp-block-columns is-layout-flex wp-container-core-columns-is-layout-9d6595d7 wp-block-columns-is-layout-flex\">\n<div class=\"wp-block-column is-layout-flow wp-block-column-is-layout-flow\">\n<p class=\"has-text-align-center\"><a href=\"https:\/\/rejsedagbog.jnaasnet.dk\/?page_id=341\">Tilbage<\/a><\/p>\n<\/div>\n\n\n\n<div class=\"wp-block-column is-layout-flow wp-block-column-is-layout-flow\">\n<p class=\"has-text-align-center\"><a href=\"https:\/\/rejsedagbog.jnaasnet.dk\/?page_id=411\">N\u00e6ste<\/a><\/p>\n<\/div>\n<\/div>\n\n\n\n<p><\/p>\n","protected":false},"excerpt":{"rendered":"<p>Vi overlevede natten i teltet med n\u00f8d og n\u00e6ppe, Signe fr\u00f8s &#8211; meget &#8211; Det bliver alt andet lige lidt&hellip;<\/p>\n","protected":false},"author":3,"featured_media":0,"parent":25,"menu_order":13,"comment_status":"closed","ping_status":"closed","template":"","meta":{"footnotes":""},"class_list":["post-382","page","type-page","status-publish","hentry"],"_links":{"self":[{"href":"https:\/\/rejsedagbog.jnaasnet.dk\/index.php?rest_route=\/wp\/v2\/pages\/382","targetHints":{"allow":["GET"]}}],"collection":[{"href":"https:\/\/rejsedagbog.jnaasnet.dk\/index.php?rest_route=\/wp\/v2\/pages"}],"about":[{"href":"https:\/\/rejsedagbog.jnaasnet.dk\/index.php?rest_route=\/wp\/v2\/types\/page"}],"author":[{"embeddable":true,"href":"https:\/\/rejsedagbog.jnaasnet.dk\/index.php?rest_route=\/wp\/v2\/users\/3"}],"replies":[{"embeddable":true,"href":"https:\/\/rejsedagbog.jnaasnet.dk\/index.php?rest_route=%2Fwp%2Fv2%2Fcomments&post=382"}],"version-history":[{"count":9,"href":"https:\/\/rejsedagbog.jnaasnet.dk\/index.php?rest_route=\/wp\/v2\/pages\/382\/revisions"}],"predecessor-version":[{"id":428,"href":"https:\/\/rejsedagbog.jnaasnet.dk\/index.php?rest_route=\/wp\/v2\/pages\/382\/revisions\/428"}],"up":[{"embeddable":true,"href":"https:\/\/rejsedagbog.jnaasnet.dk\/index.php?rest_route=\/wp\/v2\/pages\/25"}],"wp:attachment":[{"href":"https:\/\/rejsedagbog.jnaasnet.dk\/index.php?rest_route=%2Fwp%2Fv2%2Fmedia&parent=382"}],"curies":[{"name":"wp","href":"https:\/\/api.w.org\/{rel}","templated":true}]}}