{"id":110,"date":"2020-07-08T22:48:03","date_gmt":"2020-07-08T20:48:03","guid":{"rendered":"https:\/\/rejsedagbog.jnaasnet.dk\/?page_id=110"},"modified":"2020-07-09T01:34:16","modified_gmt":"2020-07-08T23:34:16","slug":"dag-4-nurnberg-ingolstadt-dachau-munchen","status":"publish","type":"page","link":"https:\/\/rejsedagbog.jnaasnet.dk\/?page_id=110","title":{"rendered":"Dag #4: N\u00fcrnberg &#8211; Ingolstadt &#8211; Dachau &#8211; M\u00fcnchen"},"content":{"rendered":"\n<h4 class=\"wp-block-heading\">Fredag den 3. juli 2020<\/h4>\n\n\n\n<p>Vi pakkede sammen og k\u00f8rte fra N\u00fcrnberg omkring kl. 10.<\/p>\n\n\n\n<p>Omkring kl. 12 gjorde vi stop i Ingolstad, hvor vi spiste hjemmesmurte, medbragte sandwiches med ryggen til et 1. Verdenskrigfort som nu huser Bayerische armeemuseum og med udsigt over Donau.<\/p>\n\n\n\n<figure class=\"wp-block-image size-large\"><img loading=\"lazy\" decoding=\"async\" width=\"1024\" height=\"1024\" src=\"https:\/\/rejsedagbog.jnaasnet.dk\/wp-content\/uploads\/2020\/07\/image-57-1024x1024.png\" alt=\"\" class=\"wp-image-115\" srcset=\"https:\/\/rejsedagbog.jnaasnet.dk\/wp-content\/uploads\/2020\/07\/image-57-1024x1024.png 1024w, https:\/\/rejsedagbog.jnaasnet.dk\/wp-content\/uploads\/2020\/07\/image-57-300x300.png 300w, https:\/\/rejsedagbog.jnaasnet.dk\/wp-content\/uploads\/2020\/07\/image-57-150x150.png 150w, https:\/\/rejsedagbog.jnaasnet.dk\/wp-content\/uploads\/2020\/07\/image-57-768x768.png 768w, https:\/\/rejsedagbog.jnaasnet.dk\/wp-content\/uploads\/2020\/07\/image-57-1536x1536.png 1536w, https:\/\/rejsedagbog.jnaasnet.dk\/wp-content\/uploads\/2020\/07\/image-57-2048x2048.png 2048w, https:\/\/rejsedagbog.jnaasnet.dk\/wp-content\/uploads\/2020\/07\/image-57-1600x1600.png 1600w\" sizes=\"auto, (max-width: 1024px) 100vw, 1024px\" \/><\/figure>\n\n\n\n<figure class=\"wp-block-image size-large\"><img loading=\"lazy\" decoding=\"async\" width=\"485\" height=\"1024\" src=\"https:\/\/rejsedagbog.jnaasnet.dk\/wp-content\/uploads\/2020\/07\/image-53-485x1024.png\" alt=\"\" class=\"wp-image-111\" srcset=\"https:\/\/rejsedagbog.jnaasnet.dk\/wp-content\/uploads\/2020\/07\/image-53-485x1024.png 485w, https:\/\/rejsedagbog.jnaasnet.dk\/wp-content\/uploads\/2020\/07\/image-53-142x300.png 142w, https:\/\/rejsedagbog.jnaasnet.dk\/wp-content\/uploads\/2020\/07\/image-53-768x1620.png 768w, https:\/\/rejsedagbog.jnaasnet.dk\/wp-content\/uploads\/2020\/07\/image-53-728x1536.png 728w, https:\/\/rejsedagbog.jnaasnet.dk\/wp-content\/uploads\/2020\/07\/image-53-971x2048.png 971w, https:\/\/rejsedagbog.jnaasnet.dk\/wp-content\/uploads\/2020\/07\/image-53-1600x3375.png 1600w\" sizes=\"auto, (max-width: 485px) 100vw, 485px\" \/><\/figure>\n\n\n\n<p>Herefter satte vi kurs mod koncentrationslejren i Dachau. Ikke just en behagelig fornemmelse og mange medf\u00f8lende tanker gik til ofrene og fangerne og mange grimme tanker gik til gerningsm\u00e6ndene.<\/p>\n\n\n\n<p>Landskabet p\u00e5 denne str\u00e6kning var mere flad.<\/p>\n\n\n\n<figure class=\"wp-block-image size-large\"><img loading=\"lazy\" decoding=\"async\" width=\"768\" height=\"1024\" src=\"https:\/\/rejsedagbog.jnaasnet.dk\/wp-content\/uploads\/2020\/07\/image-56-768x1024.png\" alt=\"Konzentrationslager Dachau \n7 errichtet. Es diente als Modeli f\u00fcr aile sp\u00e4teren \nKonzentrationslager und stand unter der Herrschaft der SS. \nIn den 12 Jahren seines Bestehens waren hier und in den \nzahlreichen Au\u00dfenlagern \u00fcber 200 000 Menschen aus ganz \nEuropa inhaftiert. Mehr als 43 000 kamen ums Leben. \nAm 29. April 1945 befreiten US-amerikanische Truppen die \n\u00dcberlebenden. \n1965 wurde das ehemalige H\u00e4ftlingslager zur Gedenkst\u00e4tte. \nDer heutige Besucherweg f\u00fchrt \u00fcber die Fundamente der \nPolitischen Abteilung der Gestapo. Diese registrierte die \nH\u00e4ftlinge, f\u00fchrte \u2014 h\u00e4ufig unter dem Einsatz von Folter \u2014 \nVerh\u00f6re durch, verh\u00e4ngte Strafen und beurkundete Todesf\u00e4lle. \nIn Ma h 1933, a concentration camp for political prisoners \nwas e blished on this site. It served as a model for all \nsubsequent concentration camps and was under the command \nof the SS. Inathe 12 years of its existence, over 200.000 persons \nfrom throughout Europe were incarcerated here and in the \nnumerous subcamps. More than 43.000 died. On April 29, 1945, \nU.S. troops liberated the survivors. \nThe former prisoner camp became a Memorial Site in 1965. \nToday's visitor path leads over the foundations of the \nGestapo's political section. This office registered the prisoners, \ncarried out interrogations \u2014 frequently using torture \u2014, was \nresponsible for imposing punishment, and recorded deaths in \nthe camp. \nWeg-des.. \nErinnerns \n: : Path of \n: Remembrance \nErdwa \nBesuche \nzentruny \nIL Visitor Center \nBesucherweg \nWalkway \nO Standort \nLuftaufnahme des KZ Dachau \nvom 20. April 1945 \nund heutiger Besucherweg \nAerial view of the Dachau \nconcentration camp from April 20,1945 \nand to.day's visitor walkway \nLuftbilddatenbank Ing.-B\u00fcro Dr. Carls,W\u00fcrzburg \n1 Bushaltestelle \n2 Fundament SS-Hauptwache \n3 Markierte Geb\u00e4udeecken der \nPolitischen Abteilung (Gestapo) L \nzwischen H\u00e4ftlingslager und SS-Bereich \n5 Ehemalige Kommandantur \n6 Jourhaus \nYou are here \n2 Fundations of the SS main guardhouse \n3 Marked corners of the building \noccupied by the \npolitical department (Gestapo) L \n4 Road formerly connecting \nthe prisoner camp and the SS area \n5 The former commandant's \nheadquarters \n6 Jourhaus \nLuftaufnahme des KZ Dachau, 20.April 1945 \nLuftbilddatenbank Ing. B\u00fcro Dr Carls W\u00fcrzburg \n\u2022 \u2022 Au\u00dfenmauer des KZ-Gel\u00e5ndes \nHeilkr\u00e4utergarten \u00bbPlantage\u00ab \nH\u00e5ftlingslager \nKrematoriumsbereich \nDas KZ Dachau und seine Urngebung: \n1 Friedenstra\u00dfe \n2 Eisenbahnanschluss ins KZ Dachau \n3 Standort des Todeszuges am 29. April 1945 \n4 Strage der SS \n5 Eickeplatz mit Torgeb\u00e4ude des SS-Lagers \n6 Leitenberg, Massengrab \nDie Bereiche des Konzentrationslagers im September 1944: \nA H\u00e4ftlingslager \nC SS-Kaserne mit Unterk\u00fcnften, venvaltungseinrichtungen \nD Pr\u00e4zifix-werkst\u00e4tten mit H\u00e4ftlingsbaracken \nE Wildpark \nF Heilkr\u00e4utergarten 'Plantage\u00ab \nH Werkst\u00e4tten des Heereszeugamts \nAerial view of the Dachau concentration camp, April 20, 1945 \n\u2022 \u2022 Outer wall of the concentration camp \nMedicinal herb garden -plantation&quot; \nprisoners' camp \nCrematorium area \nThe Dachau concentration camp and its surroundings: \n2 Railroad track into the Dachau concentration camp \n3 Location of the death train on April 29, 1945 \n4 Strasse der SS \n5 Eicke-square with gatehouse to the SS camp \n6 Leitenberg, mass graves \nAreas of the concentration camp in September 1944: \nA Prisoner camp \nC SS barracks with lodging, administrative offices \nD pr\u00e4Zifix workshops Yith prisoner barracks \nE Wild game park \nF Medicinal herb garden &quot;plantation&quot; \nG SS apartments \nH Military arsenal workshops \" class=\"wp-image-114\" srcset=\"https:\/\/rejsedagbog.jnaasnet.dk\/wp-content\/uploads\/2020\/07\/image-56-768x1024.png 768w, https:\/\/rejsedagbog.jnaasnet.dk\/wp-content\/uploads\/2020\/07\/image-56-225x300.png 225w, https:\/\/rejsedagbog.jnaasnet.dk\/wp-content\/uploads\/2020\/07\/image-56-1152x1536.png 1152w, https:\/\/rejsedagbog.jnaasnet.dk\/wp-content\/uploads\/2020\/07\/image-56-1536x2048.png 1536w, https:\/\/rejsedagbog.jnaasnet.dk\/wp-content\/uploads\/2020\/07\/image-56-1600x2133.png 1600w\" sizes=\"auto, (max-width: 768px) 100vw, 768px\" \/><\/figure>\n\n\n\n<figure class=\"wp-block-image size-large\"><img loading=\"lazy\" decoding=\"async\" width=\"485\" height=\"1024\" src=\"https:\/\/rejsedagbog.jnaasnet.dk\/wp-content\/uploads\/2020\/07\/image-55-485x1024.png\" alt=\"\" class=\"wp-image-113\" srcset=\"https:\/\/rejsedagbog.jnaasnet.dk\/wp-content\/uploads\/2020\/07\/image-55-485x1024.png 485w, https:\/\/rejsedagbog.jnaasnet.dk\/wp-content\/uploads\/2020\/07\/image-55-142x300.png 142w, https:\/\/rejsedagbog.jnaasnet.dk\/wp-content\/uploads\/2020\/07\/image-55-768x1620.png 768w, https:\/\/rejsedagbog.jnaasnet.dk\/wp-content\/uploads\/2020\/07\/image-55-728x1536.png 728w, https:\/\/rejsedagbog.jnaasnet.dk\/wp-content\/uploads\/2020\/07\/image-55-971x2048.png 971w, https:\/\/rejsedagbog.jnaasnet.dk\/wp-content\/uploads\/2020\/07\/image-55-1600x3375.png 1600w\" sizes=\"auto, (max-width: 485px) 100vw, 485px\" \/><\/figure>\n\n\n\n<figure class=\"wp-block-image size-large\"><img loading=\"lazy\" decoding=\"async\" width=\"485\" height=\"1024\" src=\"https:\/\/rejsedagbog.jnaasnet.dk\/wp-content\/uploads\/2020\/07\/image-54-485x1024.png\" alt=\"\" class=\"wp-image-112\" srcset=\"https:\/\/rejsedagbog.jnaasnet.dk\/wp-content\/uploads\/2020\/07\/image-54-485x1024.png 485w, https:\/\/rejsedagbog.jnaasnet.dk\/wp-content\/uploads\/2020\/07\/image-54-142x300.png 142w, https:\/\/rejsedagbog.jnaasnet.dk\/wp-content\/uploads\/2020\/07\/image-54-768x1620.png 768w, https:\/\/rejsedagbog.jnaasnet.dk\/wp-content\/uploads\/2020\/07\/image-54-728x1536.png 728w, https:\/\/rejsedagbog.jnaasnet.dk\/wp-content\/uploads\/2020\/07\/image-54-971x2048.png 971w, https:\/\/rejsedagbog.jnaasnet.dk\/wp-content\/uploads\/2020\/07\/image-54-1600x3375.png 1600w\" sizes=\"auto, (max-width: 485px) 100vw, 485px\" \/><\/figure>\n\n\n\n<figure class=\"wp-block-image size-large\"><img loading=\"lazy\" decoding=\"async\" width=\"1024\" height=\"485\" src=\"https:\/\/rejsedagbog.jnaasnet.dk\/wp-content\/uploads\/2020\/07\/image-58-1024x485.png\" alt=\"\u30fb \u30e3 \u3001 4 \n\u3053 \u3092 \n\u3001 \u30c7 \u30a4 \u30a4 4 \n\u58df 0 \u5b80 \u4e8c \u30e1 \n\u30a2 \u30a4 \n\u7b2c \u3092 \u7b2c \n\u4e8c \u8eab \u7b2c \u3092 \n\u30c4 \u30a2 \u30a4 \n\u7b2c \u4ea0 \u30a3 \" class=\"wp-image-116\" srcset=\"https:\/\/rejsedagbog.jnaasnet.dk\/wp-content\/uploads\/2020\/07\/image-58-1024x485.png 1024w, https:\/\/rejsedagbog.jnaasnet.dk\/wp-content\/uploads\/2020\/07\/image-58-300x142.png 300w, https:\/\/rejsedagbog.jnaasnet.dk\/wp-content\/uploads\/2020\/07\/image-58-768x364.png 768w, https:\/\/rejsedagbog.jnaasnet.dk\/wp-content\/uploads\/2020\/07\/image-58-1536x728.png 1536w, https:\/\/rejsedagbog.jnaasnet.dk\/wp-content\/uploads\/2020\/07\/image-58-2048x971.png 2048w, https:\/\/rejsedagbog.jnaasnet.dk\/wp-content\/uploads\/2020\/07\/image-58-1600x758.png 1600w\" sizes=\"auto, (max-width: 1024px) 100vw, 1024px\" \/><\/figure>\n\n\n\n<p>Vi fandt vores hotel, som l\u00e5 lidt udenfor M\u00fcnchen. Efter at have sat vores ting, k\u00f8rte vi ind til byen for at finde noget aftensmad, som blev til en gang schweinebraten og en gang sauerbraten med kartoffelkn\u00f6del. Meget brunt og tysk, men smagte fint og m\u00e6ttede.<\/p>\n\n\n\n<p>Vi dalrede lidt rundt og gik tilbage til bilen. Vi erfarede at supermarkederne i N\u00fcrnberg (kl. 21) har \u00e5bent en time senere end i M\u00fcnchen (kl. 20).<\/p>\n\n\n\n<p>Efter et st\u00f8rre indtag af slik k\u00f8bt i boardershop i Rostock, faldt Signe i s\u00f8vn kl. lidt i ti.<\/p>\n\n\n\n<figure class=\"wp-block-image size-large\"><img loading=\"lazy\" decoding=\"async\" width=\"595\" height=\"1024\" src=\"https:\/\/rejsedagbog.jnaasnet.dk\/wp-content\/uploads\/2020\/07\/Screenshot_20200709-012030_Maps.png-595x1024.jpg\" alt=\"\" class=\"wp-image-215\" srcset=\"https:\/\/rejsedagbog.jnaasnet.dk\/wp-content\/uploads\/2020\/07\/Screenshot_20200709-012030_Maps.png-595x1024.jpg 595w, https:\/\/rejsedagbog.jnaasnet.dk\/wp-content\/uploads\/2020\/07\/Screenshot_20200709-012030_Maps.png-174x300.jpg 174w, https:\/\/rejsedagbog.jnaasnet.dk\/wp-content\/uploads\/2020\/07\/Screenshot_20200709-012030_Maps.png-768x1322.jpg 768w, https:\/\/rejsedagbog.jnaasnet.dk\/wp-content\/uploads\/2020\/07\/Screenshot_20200709-012030_Maps.png-892x1536.jpg 892w, https:\/\/rejsedagbog.jnaasnet.dk\/wp-content\/uploads\/2020\/07\/Screenshot_20200709-012030_Maps.png.jpg 1080w\" sizes=\"auto, (max-width: 595px) 100vw, 595px\" \/><figcaption>Dagens etape<\/figcaption><\/figure>\n\n\n\n<div class=\"wp-block-columns is-layout-flex wp-container-core-columns-is-layout-9d6595d7 wp-block-columns-is-layout-flex\">\n<div class=\"wp-block-column is-layout-flow wp-block-column-is-layout-flow\">\n<p class=\"has-text-align-center\"><a href=\"https:\/\/rejsedagbog.jnaasnet.dk\/?page_id=77\">Tilbage<\/a><\/p>\n<\/div>\n\n\n\n<div class=\"wp-block-column is-layout-flow wp-block-column-is-layout-flow\">\n<p class=\"has-text-align-center\"><a href=\"https:\/\/rejsedagbog.jnaasnet.dk\/?page_id=118\">N\u00e6ste<\/a><\/p>\n<\/div>\n<\/div>\n","protected":false},"excerpt":{"rendered":"<p>Fredag den 3. juli 2020 Vi pakkede sammen og k\u00f8rte fra N\u00fcrnberg omkring kl. 10. Omkring kl. 12 gjorde vi&hellip;<\/p>\n","protected":false},"author":3,"featured_media":0,"parent":25,"menu_order":4,"comment_status":"closed","ping_status":"closed","template":"","meta":{"footnotes":""},"class_list":["post-110","page","type-page","status-publish","hentry"],"_links":{"self":[{"href":"https:\/\/rejsedagbog.jnaasnet.dk\/index.php?rest_route=\/wp\/v2\/pages\/110","targetHints":{"allow":["GET"]}}],"collection":[{"href":"https:\/\/rejsedagbog.jnaasnet.dk\/index.php?rest_route=\/wp\/v2\/pages"}],"about":[{"href":"https:\/\/rejsedagbog.jnaasnet.dk\/index.php?rest_route=\/wp\/v2\/types\/page"}],"author":[{"embeddable":true,"href":"https:\/\/rejsedagbog.jnaasnet.dk\/index.php?rest_route=\/wp\/v2\/users\/3"}],"replies":[{"embeddable":true,"href":"https:\/\/rejsedagbog.jnaasnet.dk\/index.php?rest_route=%2Fwp%2Fv2%2Fcomments&post=110"}],"version-history":[{"count":3,"href":"https:\/\/rejsedagbog.jnaasnet.dk\/index.php?rest_route=\/wp\/v2\/pages\/110\/revisions"}],"predecessor-version":[{"id":216,"href":"https:\/\/rejsedagbog.jnaasnet.dk\/index.php?rest_route=\/wp\/v2\/pages\/110\/revisions\/216"}],"up":[{"embeddable":true,"href":"https:\/\/rejsedagbog.jnaasnet.dk\/index.php?rest_route=\/wp\/v2\/pages\/25"}],"wp:attachment":[{"href":"https:\/\/rejsedagbog.jnaasnet.dk\/index.php?rest_route=%2Fwp%2Fv2%2Fmedia&parent=110"}],"curies":[{"name":"wp","href":"https:\/\/api.w.org\/{rel}","templated":true}]}}